3/u?
2
Suppose 25 = -5*u, -k = 2*k - u + 13. Let d be (-15)/10*16/k. Suppose d*j - 7*j = -18. What is the units digit of j?
6
Suppose -z + 2*m = -11, 5*m + 18 = 3*z - 12. Suppose -d - 16 = 4*h, h + 4 = -z*d + d. What is the units digit of (d + 1)/(1/5)?
5
Suppose 4*t = 9 - 1. Suppose 3*z = -d - t, -d - 2 = -3*z - z. Suppose 2*u + 5*x = -z*u + 28, 2*x = -u + 14. What is the units digit of u?
4
Let s be 2/(-6) + 98/(-21). Let d = -42 + 29. Let c = s - d. What is the units digit of c?
8
Suppose 2 = 3*j - 7, -j - 105 = -2*n. What is the tens digit of n?
5
Suppose -8*c + c + 196 = 0. What is the units digit of c?
8
Let d(a) = -a**3 - 7*a**2 - 8*a - 4. Let c be d(-6). Let v = c + -1. What is the units digit of v + (0 - (-4)/(-2))?
5
Suppose -28 = -5*x - 2*v, -2*v = x - 0*x - 12. Suppose 9 - 29 = x*m. Let q(p) = -p - 4. What is the units digit of q(m)?
1
Let w = -82 + 92. What is the tens digit of w?
1
Let o = 10 + -6. Let h = -2 + o. What is the units digit of 2 - (1 + -5 + h)?
4
Let z be (-3 - -6 - 1) + 1. What is the units digit of (-60)/50*(-10)/z?
4
Suppose 6*h - 208 = 2*h. Suppose 0 = 4*t - 0*t + h. Let a = -8 - t. What is the units digit of a?
5
Let g be ((-2)/(-1) - -1) + 3. Let l(k) = k**3 - 5*k**2 - 6*k - 6. Let v be l(g). Let w(z) = z + 7. What is the units digit of w(v)?
1
Let u(z) = 3*z**2 + 2*z - 1. Let t be u(2). Let m = t - 5. What is the tens digit of m?
1
Let z(y) = y**3 + y**2 - 4*y + 1. Let r be z(-4). Let v = r - -44. What is the units digit of v?
3
Let y(f) = -3*f - 8 + 4*f**2 + 8*f - 3*f**2. What is the tens digit of y(-8)?
1
Let p = 1 + 5. Suppose -p*r + 7*r - 3 = 0. What is the units digit of r?
3
Let g(d) = d**3 + 9*d**2 - d - 9. Let r be g(-9). Suppose r = 3*w + 2*t - 27, -22 = -3*w - w + 2*t. What is the units digit of w?
7
Suppose -810 = 5*s - 0*s. What is the units digit of ((-3)/9)/(2/s)?
7
Let s(g) = -2*g - 12. Suppose -6 = -3*t - 36. What is the units digit of s(t)?
8
Let b = -244 + 484. What is the tens digit of b?
4
Let a(u) = -u**2 - 15*u + 10. Let v = -32 - -19. What is the tens digit of a(v)?
3
Suppose -5*f = 0, 6 = y - 4*f - 4. Suppose 0*z = -5*z + y. Suppose -z*s + g + 0*g + 13 = 0, -g = s + 1. What is the units digit of s?
4
What is the tens digit of ((-495)/22)/((-2)/4)?
4
Let v = -60 - 8. Let r = -13 - v. Let m = r + -39. What is the tens digit of m?
1
Suppose -3*m = -5*q - 24, 2*m + 3*q - 1 + 4 = 0. Let h be (28/(-3))/4*m. What is the units digit of 1 - (1 + h) - 2?
5
Let i(f) = 0*f**2 + 0*f**2 + 8*f + f**2 + 9. Let m = -26 - -17. What is the tens digit of i(m)?
1
What is the units digit of 51*-1*1/(-3)?
7
Let r(m) = m**3 - 6*m**2 + 5*m. Let d be r(5). Suppose 5*j + 4*h - 96 = d, 0 = -j + h + 2*h + 4. What is the units digit of j?
6
Suppose 0 = 2*m - 7*m + 45. What is the units digit of -3*((-57)/m - 0)?
9
Suppose 6 = 2*j + 14, 6 = -5*t - 4*j. Let f(k) = 4*k**2 - 3*k. What is the tens digit of f(t)?
1
Suppose -3*v + 25 = -305. Suppose -4*u - 14 = -w, -w + 4*w - v = -5*u. What is the tens digit of w?
3
Let d(w) = -w + 9. Let x be d(10). Let t(o) = -26*o**3 + o**2 - o - 1. What is the units digit of t(x)?
7
Let l be 1 + 2 + (-2)/2. Let v be 66/10 - l/(-5). Suppose 3*i - 2*u + 48 = v*i, -4*i + 2*u + 40 = 0. What is the units digit of i?
1
Suppose 0 = z + 3*m - 2*m - 4, 5*z = -3*m + 16. What is the tens digit of 1 - (z + -5 + -10)?
1
Suppose 203 = 5*a - 532. What is the hundreds digit of a?
1
What is the tens digit of ((-222)/(-9))/((-4)/(-6))?
3
Suppose -m + 4*k + 35 = 0, -m + 2*k = -0*k - 35. What is the units digit of m?
5
Suppose m + 2*x + 5 = 4, -48 = -4*m + 5*x. What is the units digit of m?
7
Let v = -1 - -3. Suppose 2*o + 7 = -5*g - o, -o = -v*g + 6. Suppose 2*d = 9 + g. What is the units digit of d?
5
Suppose -109 - 162 = -3*l - 4*n, 2*l - 209 = 3*n. What is the units digit of l?
7
Suppose 5*w - 125 = 655. What is the units digit of w?
6
Let h(t) = 7*t - 3. What is the units digit of h(10)?
7
Let g(b) = 17*b - 3. Let l(r) = -8*r + 2. Let x(v) = 3*g(v) + 5*l(v). Let w be x(-1). What is the tens digit of (-2)/w - (-59)/5?
1
Suppose -y + 1 - 2 = 0. Let w = y - -5. Suppose -3*z = -2*k - z, -5*k = -w*z - 2. What is the units digit of k?
2
Let y(o) = -o**3 + 3*o**2 - 3*o + 2. Let w be y(2). Let r(u) = -2*u**2 + 3*u**2 - 7 + w*u**2 + 3*u. What is the units digit of r(-5)?
3
Suppose 432 = 2*q - 2*s, -5*q - 6*s = -2*s - 1035. What is the tens digit of q?
1
Let w(t) = 8*t - 6. What is the tens digit of w(4)?
2
Suppose 0 = 4*t - 6 - 10. Suppose -4*p = -2*p - t*a - 4, -3*a - 10 = -5*p. Let g = 3 - p. What is the units digit of g?
1
Suppose 2*x + l + 4 = 0, 2*l + 1 = 4*x + 9. Let k = x - -14. What is the units digit of k?
2
Let d(z) = -6*z - 8. Let q(l) = 5*l + 7. Let x(i) = 4*d(i) + 5*q(i). What is the units digit of x(0)?
3
Suppose 0 = -4*g + 12, -5*h + 5*g = 3*g - 24. Let l be ((-4)/(-3))/(h/189). Suppose 0*c - 31 = -4*c + y, 0 = 5*c + 2*y - l. What is the units digit of c?
8
Let l(s) = -s**2 - 7*s - 6. Let y be l(-5). Let w(h) = -h**3 + 3*h**2 + 4*h - 4. Let i be w(y). Let x = 1 - i. What is the units digit of x?
5
Let m(k) = k**2 + 39. Let s be m(0). Let u = s + -13. What is the tens digit of u?
2
Let t(k) be the third derivative of -k**6/120 + 7*k**5/60 - k**4/4 + k**3 + 2*k**2. What is the units digit of t(6)?
6
Suppose 2*j = -w - 5 + 27, -j - 2 = 0. What is the units digit of w?
6
Suppose -3*m = 2*m + 20. Let t(n) = -n**2 - 4*n + 1. What is the units digit of t(m)?
1
Let w(p) = p**3 + 5*p**2 - 8*p - 1. Suppose o = -4, -5 = 2*h + 2*o - 1. Suppose 3*g + 30 = -h*g. What is the tens digit of w(g)?
1
Let l(w) = -w**2 + 19*w + 32. What is the units digit of l(12)?
6
What is the units digit of 33/5*(5 - 0)?
3
Let m(l) = l**3 - 9*l**2 - 7*l - 14. What is the units digit of m(10)?
6
Let k(d) = d**3 + 22*d**2 - 3*d + 15. What is the tens digit of k(-22)?
8
Suppose -g + 70 = 4*r, 53 = 5*r + 5*g - 42. What is the tens digit of r?
1
Let k(c) = c**2 - 8*c - 1. Suppose -2*n + 5*r = -24, 4*n - r + 20 = 50. Let a be k(n). What is the units digit of (14/(-3))/(a/12)?
7
Let v(x) = 3*x**2 + 6*x - 4 - 5*x**2 + x**2. Let d be v(4). Let f = -1 + d. What is the units digit of f?
3
Let p = -43 - -72. What is the tens digit of p?
2
What is the tens digit of (4671/36 - -7) + 2/8?
3
Let w be 3*4/4 - 0. Suppose 4*h + w = 35. What is the units digit of h?
8
What is the tens digit of 556/20 + (-3)/(-15)?
2
Let g = 26 - 59. What is the units digit of (-204)/g + (-2)/11?
6
Let q be 1/2*(10 - 0). What is the units digit of 15/9*(q - 2)?
5
Let h(l) = -l**3 - 5*l**2 - 3*l + 5. Suppose -5*w + 2*c - 3*c - 23 = 0, -3*w - 5*c - 27 = 0. What is the units digit of h(w)?
1
Let v(c) = -35*c. Let t be v(-2). Suppose -4*f + 0*f + 2*j + t = 0, 4*j - 69 = -3*f. What is the tens digit of f?
1
Let m(w) = 6*w**3 - 5*w**2 + 2*w + 6. What is the hundreds digit of m(3)?
1
Let a = -8 - -21. What is the tens digit of a?
1
Let l be 0/12 + (-1)/1. What is the units digit of 4*1/2 + l?
1
Let m = 7 - 6. Let t = 5 - m. What is the units digit of ((-2)/t)/(3/(-36))?
6
Let n(o) = 4 - 2 + 12*o**2 - 1 + o. What is the units digit of n(-1)?
2
Suppose -3*u = 2*d - 21, 0 = 3*d + 2 - 11. Let q = -5 + u. What is the tens digit of q - 10*(0 - 1)?
1
What is the tens digit of (4/6)/((-20)/(-1590))?
5
Let u = -7 + 26. Let i = 2 + u. What is the tens digit of i?
2
Let o(v) = v**2 - 7*v + 7. Let y be o(8). Suppose 5*u - t = 111, -u + y + 3 = 4*t. Suppose u = 3*n + 1. What is the units digit of n?
7
Let h(q) = 2*q + 3. Let y be h(-3). Let b(p) = -p**3 - p**2 + p - 2. What is the units digit of b(y)?
3
Suppose -5*k - 5*g = 170, 31 + 51 = -2*k + 5*g. Suppose -4*a = 0, 0 = l + a - 1. What is the units digit of l/(-4) + k/(-16)?
2
Let d(h) = h**3 - 2*h + 1. Let q be d(3). Let v = q + -16. What is the units digit of ((-22)/10)/(v/(-30))?
1
Let d(a) = -a**2 - 20*a - 17. What is the units digit of d(-17)?
4
Let z = 60 - -55. Suppose -j + 6*j = z. What is the tens digit of j?
2
What is the units digit of ((-6)/4)/(3/(-10))?
5
Let g be (-1)/(-5) + 18/10. Suppose -g*m = 2*f - 90, 3*f - 97 = -2*m + 33. What is the units digit of f?
0
Let u(z) = -z + 4. Let a be (-4)/(-10) - (-26)/10. What is the units digit of u(a)?
1
Suppose 2*j - 41 + 15 = 0. Suppose j = q - 34. What is the units digit 